38. What are the prime factors of a?
3, 11
Suppose -b + 10888 = 2*f + f, 4*b = 16. List the prime factors of f.
2, 907
Suppose 20*k - 19375 = -115975. List the prime factors of (k/9)/((-40)/60).
5, 7, 23
Let h be 126*((-253)/(-10) + 1/5). Suppose 1197 - h = -21*f. Suppose -f - 79 = -5*b. What are the prime factors of b?
5, 7
Suppose f - 1711 = 2460. What are the prime factors of f?
43, 97
Let m(x) = x**3 + 23*x**2 + 3*x + 48. Suppose 0 = 20*g - 13*g + 161. Let j be m(g). List the prime factors of (j*11)/(1*9/(-6)).
2, 7, 11
Let y = -6377 - -9367. List the prime factors of y.
2, 5, 13, 23
What are the prime factors of (8 + 266/(-28))*726/(-9)?
11
Suppose -1145456 - 705516 = -212*n. List the prime factors of n.
8731
Let a be (-9)/(27/(-2))*3. Let f be (-3)/(-12) + a + (-11)/(-4). Suppose f*w - 136 = 3*w. List the prime factors of w.
2, 17
Let z(t) = 133*t + 1023. What are the prime factors of z(29)?
2, 5, 61
Let o be ((-12588)/(-42))/(6/21). Let k = -33 + o. What are the prime factors of k?
2, 127
Let w = 2540 - -7992. List the prime factors of w.
2, 2633
Suppose -f = 3*l + 12, -4*f = 12*l - 15*l - 12. Suppose -h + 35 - 11 = f. List the prime factors of h.
2, 3
Let z(t) = t**2 - 2*t - 1. Let u be z(-4). Suppose u*s = 26*s - 450. What are the prime factors of s?
2, 3, 5
Let g(k) = 68*k**2 - 49*k - 823. What are the prime factors of g(-16)?
11, 1579
Let a(j) = -j**2 + 7*j - 6. Let q be a(6). Let h be 474 + (-2 - (q + 0)). Suppose 7*b - h = 53. What are the prime factors of b?
3, 5
Let j(n) = 17*n + 95. Let b be j(-5). Suppose -49*y + 31512 = -b*y. What are the prime factors of y?
2, 101
Suppose 5*j - 931 - 714 = 0. Let b(w) = -2*w**2 - 9*w + 51. Let t be b(-13). Let i = j + t. What are the prime factors of i?
3, 53
Suppose 0 = -0*r + 3*r - 9, -38 = l - 3*r. Let w = l + -173. Let y = -117 - w. What are the prime factors of y?
5, 17
Suppose 2*t - 164 - 1017 - 399 = 0. What are the prime factors of t?
2, 5, 79
What are the prime factors of ((-5)/(-1))/((-123)/41)*1150722/(-30)?
63929
Suppose 72*j - 68*j + 1524 = 0. Let d = 96 + j. List the prime factors of (d/(-12))/((-4)/(-32)).
2, 5, 19
Let i(d) = 3*d**2 - 8*d - 7. Let z be i(-1). Suppose -8*b + 3*b - 4*s + 2220 = 0, -4*b - z*s = -1776. List the prime factors of b.
2, 3, 37
Suppose 24 = -18*a + 10*a. List the prime factors of 0 + a/(-12) + (-5093)/(-44).
2, 29
Let p be (-54)/(-24)*(-2 - -6). Let c(f) = -32*f + 217*f**2 + 9*f + 2 + p*f + 11*f. What are the prime factors of c(1)?
2, 3
Let f = -55504 - -78834. List the prime factors of f.
2, 5, 2333
What are the prime factors of (5316/8)/(3/20)?
2, 5, 443
Suppose -q = -2*i - 2, 0*q - q = 2*i - 2. Suppose 11 = q*k + 9. Let x(u) = 22*u - 1. What are the prime factors of x(k)?
3, 7
Let h = 72 - 69. Suppose -h*m + 128 + 31 = 0. What are the prime factors of m?
53
Let p(z) = 90*z + 79. Let r(i) = 1. Let h(l) = p(l) - 3*r(l). List the prime factors of h(5).
2, 263
Let w = -2400 + 354. What are the prime factors of 3/((-27)/w)*3?
2, 11, 31
Let p be 27832/63 - -4 - 2/(-9). Let l = -186 + p. What are the prime factors of l?
2, 5, 13
Suppose -4*i - 5*f = -61499, -4*f + 31 = 19. List the prime factors of i.
19, 809
Let o(u) = 1395*u**2 + 5*u - 4. Let d be o(1). Suppose c = -5*r + 704, 2*c = -0*c + 2*r + d. What are the prime factors of c?
3, 233
Let f(n) = -n - 15. Let d be f(-18). Suppose d = 2*t - 3. Suppose 5*k + 0*i = 5*i + 450, t*i + 444 = 5*k. What are the prime factors of k?
3, 29
Let g(t) = -3*t**3 - 5*t**2 + 4*t - 13. Let n be g(6). Let f = 1497 + n. Suppose 3*d - 3*c - 384 = 0, 4*d + d - f = -5*c. What are the prime factors of d?
2, 3, 11
Let p be 238/(-85) - (2/(-10))/(-1). List the prime factors of -3 - (-5 - p) - (-8734)/11.
13, 61
Let m(b) = -6*b + 225. Let z be m(37). Suppose 0*l - 1392 = -z*l. List the prime factors of l.
2, 29
Let b = 47431 - -32214. List the prime factors of b.
5, 17, 937
Let r = -32 - -38. Let u be (r/(-5))/(12/(-40)). Suppose u*y = 3*z + z + 416, -2*y = -4*z - 200. What are the prime factors of y?
2, 3
Suppose -608814 + 102746 = -18*n + 134228. List the prime factors of n.
2, 8893
Let v be 0*(-5)/15 - -531. Let j = 128 + v. List the prime factors of j.
659
Let k(s) = -21*s**3 + s**2 - s + 5. Let a be k(-4). Let i = 13 + a. List the prime factors of i.
2, 691
Let w(l) be the third derivative of -l**6/120 + 3*l**5/20 - 5*l**4/24 + 13*l**3/6 + 3*l**2. List the prime factors of w(6).
7, 13
Let r = 25467 + -12856. List the prime factors of r.
12611
Suppose -2*m + j = -7*m + 10168, -4*j = -m + 2021. Suppose u = 4*z - 2*z + 404, 0 = -5*u - 3*z + m. What are the prime factors of u?
2, 7, 29
Let v be 9/(-11) - (-8)/(-44). Let b = 147 + v. What are the prime factors of b?
2, 73
Let i(f) = -1466*f**2 + 7*f + 2. Let c be i(-2). Let y be c/(-8) - (9/(-3))/6. Suppose 3*p + 4*p = y. List the prime factors of p.
3, 5, 7
Let b be -3 + 13/(39/18). Suppose -3*d + 3 = -b. Suppose -d*m = -0*m - 36. What are the prime factors of m?
2, 3
Let h(v) = 9 - 23*v**3 + 13*v**3 + 5*v**3 + 7*v**3 + 24*v - 15*v**2. List the prime factors of h(11).
2, 5, 7
Let l be -2 + 1 - -5*(1 + 0). Let t be 1/(-2)*10 - -9. Suppose -492 = -4*o - t*m, -l*o + o + 362 = -4*m. What are the prime factors of o?
2, 61
Let y be ((-9)/(-2))/3 - (-9)/6. Suppose 171 = 3*t - y*i, 0*t + 57 = t + i. Let v = t + -11. List the prime factors of v.
2, 23
Suppose 34 = -2*b + 114. Suppose 14 = 55*g - 48*g. Suppose -3*s - 2*s - g*a + 107 = 0, 2*a + b = 2*s. What are the prime factors of s?
3, 7
Let j = -172 + 187. Suppose 0 = -0*f - j*f + 8250. List the prime factors of f.
2, 5, 11
Let s = 14745 + 12627. What are the prime factors of s?
2, 3, 2281
Let u = 15997 - -13404. List the prime factors of u.
29401
Let l(h) be the third derivative of -h**5/60 - 5*h**4/24 + 5*h**3/2 + 25*h**2. Let y be l(-8). Let f(j) = j + 19. List the prime factors of f(y).
2, 5
Suppose 4*u = -5*j + 104710, -2*j = -3*u + 25845 + 52722. List the prime factors of u.
5, 5237
Let y(f) = 6656*f**2 + 102*f - 3. What are the prime factors of y(1)?
5, 7, 193
Suppose -12*j + 22 = 37 - 27. Let f(p) = -p**3 - 6*p**2 - 6*p + 5. Let a be f(-5). List the prime factors of (-16)/a + j - (-117)/45.
2
Let g be (-12)/20 + (1 - (-232)/20). What are the prime factors of (g - 10)*((-921)/(-6) + 0)?
307
Let m(u) = u**3 - 74*u**2 - 139*u + 139. List the prime factors of m(76).
7, 23
Suppose 5*a = 35 + 25. Let m be 962 - (2 + a/(-3)). List the prime factors of (-38)/285 + m/30.
2
Let p(z) = 16*z**2 - 14 - 3*z**3 + 24*z + 2*z**3 - 23*z. Let y be p(16). Suppose 124 = y*f - 4*a, -5*f - 4*a = a - 250. What are the prime factors of f?
2, 3
Suppose 1856889 - 4694372 - 3104102 = -95*b. What are the prime factors of b?
13, 17, 283
Let v be -10 - 704/(-18 + 7). Let x = 145 - 101. Let t = v - x. What are the prime factors of t?
2, 5
Let j(u) = -65*u + 9. Let n(p) = -p - 19 - 26 + 45. Let k(f) = j(f) + 3*n(f). What are the prime factors of k(-3)?
3, 71
Let j be 536 - (-5 + 1 + 11). Suppose -8 - j = -c. List the prime factors of c.
3, 179
Let k = -29862 + 31376. List the prime factors of k.
2, 757
Suppose -3*b + 21*l - 26*l = -61471, -2*l = b - 20492. Suppose 28*s - 9*s = b. What are the prime factors of s?
2, 7, 11
Suppose 4*n - 900 = -3*w, -45*w - 5*n - 900 = -48*w. Suppose -2*l = -2*q + 222, -156 - w = -4*q - 2*l. List the prime factors of q.
113
Let x = -637 + 5723. What are the prime factors of x?
2, 2543
Let y(q) = 4*q**2 - 6*q - 181. List the prime factors of y(-20).
3, 19
Let r = -88 + 93. Suppose r*z = -2*u - 9, 5 + 12 = 4*u + 3*z. Suppose 0 = -12*o + u*o + 700. List the prime factors of o.
5, 7
Let p(w) = 1375*w**2 - 184*w - 1124. What are the prime factors of p(-6)?
2, 5, 1237
Let w(y) = -76*y - 5. Let p be w(5). List the prime factors of p*(4 + (-88)/20).
2, 7, 11
Let q be (0 - 70/(-15))*3. Suppose -17*p + 1356 = -q*p. Let d = -270 + p. List the prime factors of d.
2, 7, 13
Let j be 372 - (8 - 5) - -5. Let g be j/(-51)*(0 + (-3)/2). Suppose g*z - 742 = 4*z. What are the prime factors of z?
2, 53
Let x = 808 + 12414. List the prime factors of x.
2, 11, 601
Suppose 0 = 75*a - 69*a - 174. Suppose 0 = -a*z + 36*z - 658. What are the prime factors of z?
2, 47
Let y(j) = -4*j - 1. Let c be y(-8). Suppose -2*l = 3*m + c - 175, -l + 65 = -2*m. Wh